{"id":11173,"date":"2023-07-11T15:13:53","date_gmt":"2023-07-11T15:13:53","guid":{"rendered":"https:\/\/demo.edublink.co\/?page_id=11173"},"modified":"2026-02-23T10:33:44","modified_gmt":"2026-02-23T09:33:44","slug":"dostawa-i-platnosc","status":"publish","type":"page","link":"https:\/\/esc123.net\/sklep\/dostawa-i-platnosc\/","title":{"rendered":"Dostawa i p\u0142atno\u015b\u0107"},"content":{"rendered":"\t\t<div data-elementor-type=\"wp-page\" data-elementor-id=\"11173\" class=\"elementor elementor-11173\">\n\t\t\t\t\t\t<section class=\"elementor-section elementor-top-section elementor-element elementor-element-cf08086 elementor-section-boxed elementor-section-height-default elementor-section-height-default\" data-id=\"cf08086\" data-element_type=\"section\" data-e-type=\"section\">\n\t\t\t\t\t\t<div class=\"elementor-container elementor-column-gap-extended\">\n\t\t\t\t\t<div class=\"elementor-column elementor-col-100 elementor-top-column elementor-element elementor-element-c5417c6\" data-id=\"c5417c6\" data-element_type=\"column\" data-e-type=\"column\">\n\t\t\t<div class=\"elementor-widget-wrap elementor-element-populated\">\n\t\t\t\t\t\t<section class=\"elementor-section elementor-inner-section elementor-element elementor-element-58c556a elementor-section-boxed elementor-section-height-default elementor-section-height-default\" data-id=\"58c556a\" data-element_type=\"section\" data-e-type=\"section\">\n\t\t\t\t\t\t<div class=\"elementor-container elementor-column-gap-no\">\n\t\t\t\t\t<div class=\"elementor-column elementor-col-100 elementor-inner-column elementor-element elementor-element-8f2cac2\" data-id=\"8f2cac2\" data-element_type=\"column\" data-e-type=\"column\">\n\t\t\t<div class=\"elementor-widget-wrap elementor-element-populated\">\n\t\t\t\t\t\t<div class=\"elementor-element elementor-element-97973e8 elementor-widget elementor-widget-heading\" data-id=\"97973e8\" data-element_type=\"widget\" data-e-type=\"widget\" data-widget_type=\"heading.default\">\n\t\t\t\t\t<h3 class=\"elementor-heading-title elementor-size-default\">Dostawa:<\/h3>\t\t\t\t<\/div>\n\t\t\t\t<div class=\"elementor-element elementor-element-5778665 elementor-widget elementor-widget-heading\" data-id=\"5778665\" data-element_type=\"widget\" data-e-type=\"widget\" data-widget_type=\"heading.default\">\n\t\t\t\t\t<h4 class=\"elementor-heading-title elementor-size-default\">Apaczka.pl<\/h4>\t\t\t\t<\/div>\n\t\t\t\t<div class=\"elementor-element elementor-element-df1d298 elementor-widget elementor-widget-text-editor\" data-id=\"df1d298\" data-element_type=\"widget\" data-e-type=\"widget\" data-widget_type=\"text-editor.default\">\n\t\t\t\t\t\t\t\t\t<ul><li>Paczkomat InPost &#8211; <b>21 z\u0142<\/b><\/li><\/ul>\t\t\t\t\t\t\t\t<\/div>\n\t\t\t\t\t<\/div>\n\t\t<\/div>\n\t\t\t\t\t<\/div>\n\t\t<\/section>\n\t\t\t\t<section class=\"elementor-section elementor-inner-section elementor-element elementor-element-81af119 elementor-section-boxed elementor-section-height-default elementor-section-height-default\" data-id=\"81af119\" data-element_type=\"section\" data-e-type=\"section\">\n\t\t\t\t\t\t<div class=\"elementor-container elementor-column-gap-no\">\n\t\t\t\t\t<div class=\"elementor-column elementor-col-100 elementor-inner-column elementor-element elementor-element-a7b979f\" data-id=\"a7b979f\" data-element_type=\"column\" data-e-type=\"column\">\n\t\t\t<div class=\"elementor-widget-wrap elementor-element-populated\">\n\t\t\t\t\t\t<div class=\"elementor-element elementor-element-2ad81be elementor-widget elementor-widget-heading\" data-id=\"2ad81be\" data-element_type=\"widget\" data-e-type=\"widget\" data-widget_type=\"heading.default\">\n\t\t\t\t\t<h3 class=\"elementor-heading-title elementor-size-default\">P\u0142atno\u015bci:<\/h3>\t\t\t\t<\/div>\n\t\t\t\t<div class=\"elementor-element elementor-element-7536c8a elementor-widget elementor-widget-heading\" data-id=\"7536c8a\" data-element_type=\"widget\" data-e-type=\"widget\" data-widget_type=\"heading.default\">\n\t\t\t\t\t<h4 class=\"elementor-heading-title elementor-size-default\">HotPay<\/h4>\t\t\t\t<\/div>\n\t\t\t\t<div class=\"elementor-element elementor-element-b9dc9d5 elementor-widget elementor-widget-image\" data-id=\"b9dc9d5\" data-element_type=\"widget\" data-e-type=\"widget\" data-widget_type=\"image.default\">\n\t\t\t\t\t\t\t\t\t\t\t\t\t\t\t<img fetchpriority=\"high\" decoding=\"async\" width=\"630\" height=\"170\" src=\"https:\/\/esc123.net\/sklep\/wp-content\/uploads\/2026\/02\/banki_HP2630x170.png\" class=\"attachment-full size-full wp-image-23887\" alt=\"\" srcset=\"https:\/\/esc123.net\/sklep\/wp-content\/uploads\/2026\/02\/banki_HP2630x170.png 630w, https:\/\/esc123.net\/sklep\/wp-content\/uploads\/2026\/02\/banki_HP2630x170-300x81.png 300w, https:\/\/esc123.net\/sklep\/wp-content\/uploads\/2026\/02\/banki_HP2630x170-600x162.png 600w\" sizes=\"(max-width: 630px) 100vw, 630px\" \/>\t\t\t\t\t\t\t\t\t\t\t\t\t\t\t<\/div>\n\t\t\t\t\t<\/div>\n\t\t<\/div>\n\t\t\t\t\t<\/div>\n\t\t<\/section>\n\t\t\t\t\t<\/div>\n\t\t<\/div>\n\t\t\t\t\t<\/div>\n\t\t<\/section>\n\t\t\t\t<\/div>\n\t\t","protected":false},"excerpt":{"rendered":"<p>Dostawa: Apaczka.pl Paczkomat InPost &#8211; 21 z\u0142 P\u0142atno\u015bci: HotPay<\/p>\n","protected":false},"author":1,"featured_media":0,"parent":0,"menu_order":0,"comment_status":"closed","ping_status":"closed","template":"","meta":{"footnotes":""},"class_list":["post-11173","page","type-page","status-publish","hentry"],"yoast_head":"<!-- This site is optimized with the Yoast SEO plugin v27.1.1 - https:\/\/yoast.com\/product\/yoast-seo-wordpress\/ -->\n<title>Dostawa i p\u0142atno\u015b\u0107 - ESC123.net - Sklep<\/title>\n<meta name=\"robots\" content=\"noindex, nofollow\" \/>\n<meta property=\"og:locale\" content=\"pl_PL\" \/>\n<meta property=\"og:type\" content=\"article\" \/>\n<meta property=\"og:title\" content=\"Dostawa i p\u0142atno\u015b\u0107 - ESC123.net - Sklep\" \/>\n<meta property=\"og:description\" content=\"Dostawa: Apaczka.pl Paczkomat InPost &#8211; 21 z\u0142 P\u0142atno\u015bci: HotPay\" \/>\n<meta property=\"og:url\" content=\"https:\/\/esc123.net\/sklep\/dostawa-i-platnosc\/\" \/>\n<meta property=\"og:site_name\" content=\"ESC123.net - Sklep\" \/>\n<meta property=\"article:modified_time\" content=\"2026-02-23T09:33:44+00:00\" \/>\n<meta property=\"og:image\" content=\"https:\/\/esc123.net\/sklep\/wp-content\/uploads\/2026\/02\/banki_HP2630x170.png\" \/>\n<meta name=\"twitter:card\" content=\"summary_large_image\" \/>\n<meta name=\"twitter:label1\" content=\"Szacowany czas czytania\" \/>\n\t<meta name=\"twitter:data1\" content=\"1 minuta\" \/>\n<script type=\"application\/ld+json\" class=\"yoast-schema-graph\">{\"@context\":\"https:\/\/schema.org\",\"@graph\":[{\"@type\":\"WebPage\",\"@id\":\"https:\/\/esc123.net\/sklep\/dostawa-i-platnosc\/\",\"url\":\"https:\/\/esc123.net\/sklep\/dostawa-i-platnosc\/\",\"name\":\"Dostawa i p\u0142atno\u015b\u0107 - ESC123.net - Sklep\",\"isPartOf\":{\"@id\":\"https:\/\/esc123.net\/sklep\/#website\"},\"primaryImageOfPage\":{\"@id\":\"https:\/\/esc123.net\/sklep\/dostawa-i-platnosc\/#primaryimage\"},\"image\":{\"@id\":\"https:\/\/esc123.net\/sklep\/dostawa-i-platnosc\/#primaryimage\"},\"thumbnailUrl\":\"https:\/\/esc123.net\/sklep\/wp-content\/uploads\/2026\/02\/banki_HP2630x170.png\",\"datePublished\":\"2023-07-11T15:13:53+00:00\",\"dateModified\":\"2026-02-23T09:33:44+00:00\",\"breadcrumb\":{\"@id\":\"https:\/\/esc123.net\/sklep\/dostawa-i-platnosc\/#breadcrumb\"},\"inLanguage\":\"pl-PL\",\"potentialAction\":[{\"@type\":\"ReadAction\",\"target\":[\"https:\/\/esc123.net\/sklep\/dostawa-i-platnosc\/\"]}]},{\"@type\":\"ImageObject\",\"inLanguage\":\"pl-PL\",\"@id\":\"https:\/\/esc123.net\/sklep\/dostawa-i-platnosc\/#primaryimage\",\"url\":\"https:\/\/esc123.net\/sklep\/wp-content\/uploads\/2026\/02\/banki_HP2630x170.png\",\"contentUrl\":\"https:\/\/esc123.net\/sklep\/wp-content\/uploads\/2026\/02\/banki_HP2630x170.png\",\"width\":630,\"height\":170},{\"@type\":\"BreadcrumbList\",\"@id\":\"https:\/\/esc123.net\/sklep\/dostawa-i-platnosc\/#breadcrumb\",\"itemListElement\":[{\"@type\":\"ListItem\",\"position\":1,\"name\":\"Strona g\u0142\u00f3wna\",\"item\":\"https:\/\/esc123.net\/sklep\/\"},{\"@type\":\"ListItem\",\"position\":2,\"name\":\"Dostawa i p\u0142atno\u015b\u0107\"}]},{\"@type\":\"WebSite\",\"@id\":\"https:\/\/esc123.net\/sklep\/#website\",\"url\":\"https:\/\/esc123.net\/sklep\/\",\"name\":\"ESC123.net - Sklep\",\"description\":\"\",\"publisher\":{\"@id\":\"https:\/\/esc123.net\/sklep\/#organization\"},\"potentialAction\":[{\"@type\":\"SearchAction\",\"target\":{\"@type\":\"EntryPoint\",\"urlTemplate\":\"https:\/\/esc123.net\/sklep\/?s={search_term_string}\"},\"query-input\":{\"@type\":\"PropertyValueSpecification\",\"valueRequired\":true,\"valueName\":\"search_term_string\"}}],\"inLanguage\":\"pl-PL\"},{\"@type\":\"Organization\",\"@id\":\"https:\/\/esc123.net\/sklep\/#organization\",\"name\":\"ESC123.net - Sklep\",\"url\":\"https:\/\/esc123.net\/sklep\/\",\"logo\":{\"@type\":\"ImageObject\",\"inLanguage\":\"pl-PL\",\"@id\":\"https:\/\/esc123.net\/sklep\/#\/schema\/logo\/image\/\",\"url\":\"https:\/\/esc123.net\/sklep\/wp-content\/uploads\/2026\/02\/ESC-logo.svg\",\"contentUrl\":\"https:\/\/esc123.net\/sklep\/wp-content\/uploads\/2026\/02\/ESC-logo.svg\",\"width\":850,\"height\":850,\"caption\":\"ESC123.net - Sklep\"},\"image\":{\"@id\":\"https:\/\/esc123.net\/sklep\/#\/schema\/logo\/image\/\"}}]}<\/script>\n<!-- \/ Yoast SEO plugin. -->","yoast_head_json":{"title":"Dostawa i p\u0142atno\u015b\u0107 - ESC123.net - Sklep","robots":{"index":"noindex","follow":"nofollow"},"og_locale":"pl_PL","og_type":"article","og_title":"Dostawa i p\u0142atno\u015b\u0107 - ESC123.net - Sklep","og_description":"Dostawa: Apaczka.pl Paczkomat InPost &#8211; 21 z\u0142 P\u0142atno\u015bci: HotPay","og_url":"https:\/\/esc123.net\/sklep\/dostawa-i-platnosc\/","og_site_name":"ESC123.net - Sklep","article_modified_time":"2026-02-23T09:33:44+00:00","og_image":[{"url":"https:\/\/esc123.net\/sklep\/wp-content\/uploads\/2026\/02\/banki_HP2630x170.png","type":"","width":"","height":""}],"twitter_card":"summary_large_image","twitter_misc":{"Szacowany czas czytania":"1 minuta"},"schema":{"@context":"https:\/\/schema.org","@graph":[{"@type":"WebPage","@id":"https:\/\/esc123.net\/sklep\/dostawa-i-platnosc\/","url":"https:\/\/esc123.net\/sklep\/dostawa-i-platnosc\/","name":"Dostawa i p\u0142atno\u015b\u0107 - ESC123.net - Sklep","isPartOf":{"@id":"https:\/\/esc123.net\/sklep\/#website"},"primaryImageOfPage":{"@id":"https:\/\/esc123.net\/sklep\/dostawa-i-platnosc\/#primaryimage"},"image":{"@id":"https:\/\/esc123.net\/sklep\/dostawa-i-platnosc\/#primaryimage"},"thumbnailUrl":"https:\/\/esc123.net\/sklep\/wp-content\/uploads\/2026\/02\/banki_HP2630x170.png","datePublished":"2023-07-11T15:13:53+00:00","dateModified":"2026-02-23T09:33:44+00:00","breadcrumb":{"@id":"https:\/\/esc123.net\/sklep\/dostawa-i-platnosc\/#breadcrumb"},"inLanguage":"pl-PL","potentialAction":[{"@type":"ReadAction","target":["https:\/\/esc123.net\/sklep\/dostawa-i-platnosc\/"]}]},{"@type":"ImageObject","inLanguage":"pl-PL","@id":"https:\/\/esc123.net\/sklep\/dostawa-i-platnosc\/#primaryimage","url":"https:\/\/esc123.net\/sklep\/wp-content\/uploads\/2026\/02\/banki_HP2630x170.png","contentUrl":"https:\/\/esc123.net\/sklep\/wp-content\/uploads\/2026\/02\/banki_HP2630x170.png","width":630,"height":170},{"@type":"BreadcrumbList","@id":"https:\/\/esc123.net\/sklep\/dostawa-i-platnosc\/#breadcrumb","itemListElement":[{"@type":"ListItem","position":1,"name":"Strona g\u0142\u00f3wna","item":"https:\/\/esc123.net\/sklep\/"},{"@type":"ListItem","position":2,"name":"Dostawa i p\u0142atno\u015b\u0107"}]},{"@type":"WebSite","@id":"https:\/\/esc123.net\/sklep\/#website","url":"https:\/\/esc123.net\/sklep\/","name":"ESC123.net - Sklep","description":"","publisher":{"@id":"https:\/\/esc123.net\/sklep\/#organization"},"potentialAction":[{"@type":"SearchAction","target":{"@type":"EntryPoint","urlTemplate":"https:\/\/esc123.net\/sklep\/?s={search_term_string}"},"query-input":{"@type":"PropertyValueSpecification","valueRequired":true,"valueName":"search_term_string"}}],"inLanguage":"pl-PL"},{"@type":"Organization","@id":"https:\/\/esc123.net\/sklep\/#organization","name":"ESC123.net - Sklep","url":"https:\/\/esc123.net\/sklep\/","logo":{"@type":"ImageObject","inLanguage":"pl-PL","@id":"https:\/\/esc123.net\/sklep\/#\/schema\/logo\/image\/","url":"https:\/\/esc123.net\/sklep\/wp-content\/uploads\/2026\/02\/ESC-logo.svg","contentUrl":"https:\/\/esc123.net\/sklep\/wp-content\/uploads\/2026\/02\/ESC-logo.svg","width":850,"height":850,"caption":"ESC123.net - Sklep"},"image":{"@id":"https:\/\/esc123.net\/sklep\/#\/schema\/logo\/image\/"}}]}},"_links":{"self":[{"href":"https:\/\/esc123.net\/sklep\/wp-json\/wp\/v2\/pages\/11173","targetHints":{"allow":["GET"]}}],"collection":[{"href":"https:\/\/esc123.net\/sklep\/wp-json\/wp\/v2\/pages"}],"about":[{"href":"https:\/\/esc123.net\/sklep\/wp-json\/wp\/v2\/types\/page"}],"author":[{"embeddable":true,"href":"https:\/\/esc123.net\/sklep\/wp-json\/wp\/v2\/users\/1"}],"replies":[{"embeddable":true,"href":"https:\/\/esc123.net\/sklep\/wp-json\/wp\/v2\/comments?post=11173"}],"version-history":[{"count":13,"href":"https:\/\/esc123.net\/sklep\/wp-json\/wp\/v2\/pages\/11173\/revisions"}],"predecessor-version":[{"id":24100,"href":"https:\/\/esc123.net\/sklep\/wp-json\/wp\/v2\/pages\/11173\/revisions\/24100"}],"wp:attachment":[{"href":"https:\/\/esc123.net\/sklep\/wp-json\/wp\/v2\/media?parent=11173"}],"curies":[{"name":"wp","href":"https:\/\/api.w.org\/{rel}","templated":true}]}}